True
Is 43 a factor of 1125611?
True
Does 56 divide 689516?
False
Does 207 divide 422838?
False
Is 171315 a multiple of 74?
False
Is 2704914 a multiple of 54?
True
Is 611 a factor of 450130?
False
Is 38 a factor of 363584?
True
Does 33 divide 158796?
True
Is 1447208 a multiple of 12?
False
Is 25 a factor of 182007?
False
Is 3531829 a multiple of 176?
False
Is 613 a factor of 23496290?
True
Is 390 a factor of 827970?
True
Is 267 a factor of 1925924?
False
Does 52 divide 766168?
True
Is 2034 a multiple of 2?
True
Is 307910 a multiple of 41?
True
Does 9 divide 199575?
True
Does 75 divide 2055525?
True
Is 175 a factor of 218440?
False
Is 3168567 a multiple of 4?
False
Is 5118553 a multiple of 977?
False
Does 2318 divide 1833538?
True
Is 1865485 a multiple of 175?
False
Is 137 a factor of 178272?
False
Is 15474000 a multiple of 25?
True
Is 102627 a multiple of 63?
True
Is 213 a factor of 3025665?
True
Is 74 a factor of 33152?
True
Does 555 divide 3377175?
True
Is 2646019 a multiple of 410?
False
Does 1510 divide 6968650?
True
Is 2484419 a multiple of 257?
True
Is 727612 a multiple of 20?
False
Is 161172 a multiple of 18?
True
Does 546 divide 6423196?
False
Is 28 a factor of 444?
False
Is 83134 a multiple of 5?
False
Does 46 divide 4652210?
True
Is 92568 a multiple of 34?
False
Is 38676 a multiple of 12?
True
Is 211 a factor of 2350828?
False
Does 38 divide 11073?
False
Is 38 a factor of 709574?
True
Is 220668 a multiple of 84?
True
Is 4 a factor of 1743903?
False
Is 425 a factor of 121687?
False
Does 76 divide 2767996?
True
Is 204270 a multiple of 145?
False
Is 9 a factor of 864369?
True
Does 297 divide 740718?
True
Is 3 a factor of 1783941?
True
Is 45 a factor of 107712?
False
Is 49704 a multiple of 8?
True
Is 194 a factor of 569616?
False
Is 783804 a multiple of 147?
True
Does 66 divide 121112?
False
Is 183400 a multiple of 100?
True
Does 4 divide 956421?
False
Is 3783622 a multiple of 17?
True
Is 13 a factor of 1254005?
False
Is 38899 a multiple of 204?
False
Is 516599 a multiple of 53?
False
Is 5100875 a multiple of 125?
True
Is 658 a factor of 351237?
False
Is 2258313 a multiple of 7?
False
Is 124992 a multiple of 31?
True
Is 9016814 a multiple of 151?
True
Is 271042 a multiple of 64?
False
Does 39 divide 132286?
False
Does 967 divide 830782?
False
Is 5 a factor of 7390?
True
Is 5408 a multiple of 13?
True
Is 1046 a factor of 17166952?
True
Is 1068990 a multiple of 39?
True
Does 263 divide 5433710?
False
Is 35 a factor of 14528325?
True
Does 4 divide 65216?
True
Is 27540 a multiple of 90?
True
Is 1073691 a multiple of 6?
False
Is 5 a factor of 699091?
False
Is 44 a factor of 75812?
True
Does 9 divide 1268445?
False
Does 72 divide 35828?
False
Is 618290 a multiple of 85?
True
Is 27 a factor of 57942?
True
Is 6398253 a multiple of 10?
False
Is 1643012 a multiple of 97?
False
Does 20 divide 110981?
False
Is 54 a factor of 9450?
True
Is 124593 a multiple of 21?
True
Does 502 divide 359432?
True
Does 171 divide 62907?
False
Is 1368 a multiple of 4?
True
Is 48903 a multiple of 19?
False
Is 5 a factor of 51385?
True
Is 1531096 a multiple of 38?
True
Does 6 divide 4100029?
False
Is 3401525 a multiple of 88?
False
Does 20 divide 5269715?
False
Is 858192 a multiple of 16?
True
Does 605 divide 1785355?
True
Is 1003481 a multiple of 90?
False
Is 89488 a multiple of 48?
False
Is 251604 a multiple of 44?
False
Is 404061 a multiple of 224?
False
Is 182674 a multiple of 149?
True
Is 101785 a multiple of 3?
False
Does 15 divide 129748?
False
Is 1292535 a multiple of 155?
False
Is 11052992 a multiple of 189?
False
Does 2 divide 1766142?
True
Is 6 a factor of 10115?
False
Does 170 divide 419730?
True
Is 1847535 a multiple of 837?
False
Is 192585 a multiple of 3?
True
Is 89 a factor of 363209?
True
Is 2261267 a multiple of 652?
False
Is 99 a factor of 158530?
False
Does 4 divide 38069?
False
Is 7384338 a multiple of 402?
True
Is 12 a factor of 1143636?
True
Does 45 divide 36974?
False
Is 39 a factor of 3979521?
True
Is 138 a factor of 43608?
True
Is 13 a factor of 5105490?
True
Is 28576 a multiple of 8?
True
Does 135 divide 55905?
False
Is 61 a factor of 1634251?
True
Is 1946075 a multiple of 25?
True
Is 3480562 a multiple of 127?
True
Does 67 divide 2241584?
False
Is 16 a factor of 354571?
False
Is 52 a factor of 192140?
True
Does 50 divide 441550?
True
Is 67 a factor of 15804?
False
Is 9836900 a multiple of 25?
True
Is 40662 a multiple of 81?
True
Is 262900 a multiple of 5?
True
Does 420 divide 406140?
True
Is 52 a factor of 361920?
True
Does 202 divide 529038?
True
Does 1233 divide 9464508?
True
Does 13 divide 6252833?
False
Does 74 divide 49062?
True
Is 21 a factor of 3788799?
True
Is 310926 a multiple of 231?
True
Is 22 a factor of 161216?
True
Is 5 a factor of 185224?
False
Is 15 a factor of 1304791?
False
Is 11 a factor of 3763335?
False
Is 63 a factor of 288288?
True
Is 1019732 a multiple of 564?
False
Does 74 divide 231744?
False
Is 11 a factor of 64779?
True
Does 28 divide 3080?
True
Does 1734 divide 6160663?
False
Is 81 a factor of 35468?
False
Does 67 divide 171922?
True
Is 46 a factor of 7298360?
True
Is 6 a factor of 657224?
False
Does 198 divide 435204?
True
Is 44 a factor of 1661704?
True
Is 584 a factor of 1736232?
True
Is 36 a factor of 4779937?
False
Is 247 a factor of 2105181?
True
Is 55504 a multiple of 24?
False
Is 149422 a multiple of 91?
True
Is 26 a factor of 16198?
True
Does 304 divide 613010?
False
Is 4240414 even?
True
Is 5 a factor of 945250?
True
Is 152211 a multiple of 48?
False
Is 243 a factor of 2096361?
True
Does 24 divide 2418116?
False
Is 129864 a multiple of 14?
True
Does 75 divide 2431950?
True
Does 13 divide 6343986?
False
Is 68 a factor of 20536?
True
Is 19154840 a multiple of 1138?
False
Is 2235374 a multiple of 694?
True
Is 2523080 a multiple of 35?
True
Is 297245 a multiple of 17?
True
Is 694950 a multiple of 676?
False
Is 831744 a multiple of 288?
True
Does 3 divide 16865?
False
Does 493 divide 2519230?
True
Is 244772 even?
True
Is 2815225 a multiple of 294?
False
Does 40 divide 3586002?
False
Is 51664 a multiple of 8?
True
Is 11 a factor of 1016830?
False
Does 212 divide 5926672?
True
Does 19 divide 1018077?
True
Is 472 a factor of 2772195?
False
Does 23 divide 508714?
True
Is 55 a factor of 272525?
True
Does 19 divide 44992?
True
Does 15 divide 5338005?
True
Does 32 divide 116972?
False
Is 7424252 a multiple of 124?
True
Is 70319 a multiple of 469?
False
Is 1841032 a multiple of 34?
True
Is 60 a factor of 115420?
False
Is 203 a factor of 55622?
True
Is 18467262 a multiple of 1342?
True
Is 73 a factor of 93951?
True
Does 37 divide 387154?
False
Does 118 divide 298555?
False
Is 5 a factor of 56405?
True
Is 7939127 a multiple of 12?
False
Is 258 a factor of 10488747?
False
Is 38 a factor of 113265?
False
Does 141 divide 79243?
False
Does 10 divide 93310?
True
Is 86 a factor of 343656?
True
Does 5 divide 117043?
False
Is 6 a factor of 4034838?
True
Is 27 a factor of 614493?
True
Is 473 a factor of 1675866?
False
Is 162 a factor of 14418?
True
Does 49 divide 68061?
True
Does 29 divide 198273?
True
Does 6 divide 73842?
True
Does 11 divide 17196?
False
Is 2611728 a multiple of 168?
True
Is 1414156 a multiple of 27?
False
Does 114 divide 1787634?
True
Is 288632 a multiple of 218?
True
Is 2439 even?
False
Is 56027 a multiple of 73?
False
Does 232 divide 3819416?
True
Is 27482 a multiple of 26?
True
Is 660 a factor of 21164880?
True
Is 48 a factor of 5723616?
True
Is 295 a factor of 2437198?
False
Is 41 a factor of 56814?
False
Is 12 a factor of 3128647?
False
Is 38113 a multiple of 2?
False
Is 15 a factor of 514638?
False
Does 10 divide 1619230?
True
Does 200 divide 230968?
False
Does 216 divide 493992?
True
Does 629 divide 584341?
True
Is 1764231 a multiple of 7?
True
Is 11 a factor of 511444?
False
Does 4 divide 7442?
False
Is 333678 a multiple of 38?
True
Is 104 a factor of 146549?
False
Is 30632 a multiple of 7?
True
Is 103376 a multiple of 182?
True
Is 440638 a multiple of 24?
False
Is 9 a factor of 482553?
True
Is 586236 a multiple of 294?
True
Is 7 a factor of 175957?
False
Is 12 a factor of 298644?
True
Does 7 divide 2344398?
True
Does 10 divide 155750?
True
Is 18 a factor of 16901?
False
Is 35 a factor of 1190973